{"id":221,"date":"2017-08-18T12:00:03","date_gmt":"2017-08-18T10:00:03","guid":{"rendered":"http:\/\/2017.chiclana.wordcamp.org\/?page_id=221"},"modified":"2017-10-03T16:26:44","modified_gmt":"2017-10-03T14:26:44","slug":"compra-tu-entrada","status":"publish","type":"page","link":"https:\/\/chiclana.wordcamp.org\/2017\/compra-tu-entrada\/","title":{"rendered":"Compra tu entrada"},"content":{"rendered":"<p>\u00a1Ya est\u00e1n disponibles las entradas para la WordCamp Chiclana 2017!<\/p>\n<p><span style=\"color: #ff0000\"><strong>Actualizaci\u00f3n 03\/10\/2017<\/strong><br \/>\nTODAS LAS ENTRADAS AGOTADAS<\/span><\/p>\n<div class=\"importante\"><strong>IMPORTANTE:<\/strong><br \/>\nLas entradas son personales e intransferibles. Si por alguna raz\u00f3n no puedes asistir al evento, av\u00edsanos y pondremos tu plaza a disposici\u00f3n de alguien que s\u00ed puede asistir y se ha quedado sin entrada. \u00a1Gracias!<\/div>\n<h2>\u00bfCu\u00e1ndo?<\/h2>\n<p>El evento se celebrar\u00e1 durante 2 d\u00edas:<\/p>\n<ul>\n<li>S\u00e1bado 7 de Octubre &#8211; D\u00eda de ponencias, charlas y talleres sobre WordPress.<\/li>\n<li>Domingo 8 de Octubre &#8211; D\u00eda de la comunidad (<a href=\"\/dia-de-la-comunidad\/\">\u00bfQu\u00e9 es el d\u00eda de la comunidad?<\/a>) con mesas de trabajo sobre diferentes temas (traducciones, foros de ayuda, etc.)<\/li>\n<\/ul>\n<h2>\u00bfQu\u00e9 incluye la entrada?<\/h2>\n<p><strong>La entrada b\u00e1sica de 5 euros <span style=\"color: #ff0000\">(AGOTADAS)<\/span><\/strong>\u00a0incluye:<\/p>\n<ul>\n<li><strong>Acceso al evento, a todas sus ponencias y talleres<\/strong> (hasta alcanzar su cupo) ofrecidas por ponentes de primer nivel.<\/li>\n<li><strong>Coffee break<\/strong> (pausa para el caf\u00e9, vaya) por la <strong>ma\u00f1ana<\/strong> para recargar las pilas.<\/li>\n<li><strong>Comida (lunch) en comunidad<\/strong> para continuar haciendo networking, intercambiar ideas y consultas con otros compa\u00f1eros.<\/li>\n<li><strong>Coffee break<\/strong> (\u00a1m\u00e1s cafe\u00edna!) por la <strong>tarde.<\/strong><\/li>\n<li><strong>Camiseta<\/strong> conmemorativa del evento.<\/li>\n<li>Descuentos y\/o promociones para consumiciones en la fiesta que celebraremos en la noche del s\u00e1bado (After Party)<\/li>\n<li>\u00a1Y otras sorpresas que nos ofrecer\u00e1n nuestros <strong>patrocinadores<\/strong>!<\/li>\n<\/ul>\n<h2>\u00bfA qu\u00e9 esperas?<\/h2>\n<h2>\u00a1Compra tu entrada antes que se acaben!<\/h2>\n<p>Estaremos encantados de verte en la WordCamp Chiclana 2017 \ud83d\ude42<\/p>\n<div class=\"importante\"><strong>IMPORTANTE:<\/strong> Antes de comprar tu entrada \u00bfpor qu\u00e9 no te planteas un micropatrocinio? <a href=\"https:\/\/2017.chiclana.wordcamp.org\/patrocina\/#micropatrocinios\" target=\"_blank\" rel=\"noopener\">Est\u00e1n disponibles desde solo 20 euros<\/a>. \u00a0\u00a1Nos ayudar\u00e1s mucho!<\/div>\n<h2>Entradas vendidas hasta el momento: 242<\/h2>\n<p><span style=\"color: #ff0000\"><strong>Entradas b\u00e1sicas agotadas, \u00a1muchas gracias!<\/strong><\/span><\/p>\n<div class=\"importante\"><strong>IMPORTANTE:<\/strong><br \/>\nLas entradas son personales e intransferibles. Si por alguna raz\u00f3n no puedes asistir al evento, av\u00edsanos y pondremos tu plaza a disposici\u00f3n de alguien que s\u00ed puede asistir y se ha quedado sin entrada. \u00a1Gracias!<\/div>\n<p><span style=\"font-size: 29px;font-weight: bold\">* Colaborador (100 euros)\u00a0<\/span><\/p>\n<p><span style=\"color: #ff0000\"><strong>Actualizaci\u00f3n 03\/10\/2017<\/strong><br \/>\nENTRADAS COLABORADOR AGOTADAS<\/span><\/p>\n<p><strong>Colabora con la comunidad<\/strong> al mismo tiempo que promocionas tu empresa o negocio.<\/p>\n<ul>\n<li><strong>1 entrada<\/strong> al evento.<\/li>\n<li><strong>Agradecimiento<\/strong> en Twitter.<\/li>\n<li>Aparecer\u00e1s en el listado de <a href=\"http:\/\/2017.chiclana.wordcamp.org\/micro-patrocinadores-colaborador\/\">Micro Patrocinadores \u00abColaborador\u00bb<\/a><\/li>\n<li><strong>Logo de tu empresa<\/strong> en la secci\u00f3n de Patrocinadores del sitio web.<\/li>\n<li><strong>Distintivo en tu acreditaci\u00f3n<\/strong> indicando el nivel de patrocinio.<\/li>\n<\/ul>\n<h2>** Suscriptor (20 euros)<\/h2>\n<p><span style=\"color: #ff0000\"><strong>Actualizaci\u00f3n 03\/10\/2017<\/strong> <\/span><br \/>\n<span style=\"color: #ff0000\">ENTRADAS SUSCRIPTOR AGOTADAS<\/span><\/p>\n<p>Ay\u00fadanos a ofrecer un gran evento. <strong>Por poco m\u00e1s del coste de la entrada b\u00e1sica,<\/strong> patrocina la WordCamp Chiclana 2017.<\/p>\n<p>\u00a1La comunidad te lo agradecer\u00e1!<\/p>\n<ul>\n<li><strong>1 entrada<\/strong> al evento.<\/li>\n<li><strong>Agradecimiento<\/strong> en Twitter.<\/li>\n<li>Aparecer\u00e1s en el listado de <a href=\"http:\/\/2017.chiclana.wordcamp.org\/micro-patrocinadores-suscriptor\/\">Micro Patrocinadores \u00abSuscriptor\u00bb<\/a><\/li>\n<li><strong>Distintivo en tu acreditaci\u00f3n<\/strong> indicando el nivel de patrocinio.<\/li>\n<\/ul>\n","protected":false},"excerpt":{"rendered":"<p>\u00a1Ya est\u00e1n disponibles las entradas para la WordCamp Chiclana 2017! Actualizaci\u00f3n 03\/10\/2017 TODAS LAS ENTRADAS AGOTADAS IMPORTANTE: Las entradas son personales e intransferibles. Si por alguna raz\u00f3n no puedes asistir al evento, av\u00edsanos y pondremos tu plaza a disposici\u00f3n de alguien que s\u00ed puede asistir y se ha quedado sin entrada. \u00a1Gracias! \u00bfCu\u00e1ndo? El evento &hellip; <a href=\"https:\/\/chiclana.wordcamp.org\/2017\/compra-tu-entrada\/\" class=\"more-link\">Sigue leyendo <span class=\"screen-reader-text\">Compra tu entrada<\/span><\/a><\/p>\n","protected":false},"author":15160168,"featured_media":0,"parent":0,"menu_order":0,"comment_status":"closed","ping_status":"closed","template":"","meta":{"jetpack_post_was_ever_published":false,"footnotes":""},"class_list":["post-221","page","type-page","status-publish","hentry"],"jetpack_sharing_enabled":true,"jetpack_shortlink":"https:\/\/wp.me\/P81f3U-3z","jetpack_likes_enabled":false,"_links":{"self":[{"href":"https:\/\/chiclana.wordcamp.org\/2017\/wp-json\/wp\/v2\/pages\/221","targetHints":{"allow":["GET"]}}],"collection":[{"href":"https:\/\/chiclana.wordcamp.org\/2017\/wp-json\/wp\/v2\/pages"}],"about":[{"href":"https:\/\/chiclana.wordcamp.org\/2017\/wp-json\/wp\/v2\/types\/page"}],"author":[{"embeddable":true,"href":"https:\/\/chiclana.wordcamp.org\/2017\/wp-json\/wp\/v2\/users\/15160168"}],"replies":[{"embeddable":true,"href":"https:\/\/chiclana.wordcamp.org\/2017\/wp-json\/wp\/v2\/comments?post=221"}],"version-history":[{"count":43,"href":"https:\/\/chiclana.wordcamp.org\/2017\/wp-json\/wp\/v2\/pages\/221\/revisions"}],"predecessor-version":[{"id":2403,"href":"https:\/\/chiclana.wordcamp.org\/2017\/wp-json\/wp\/v2\/pages\/221\/revisions\/2403"}],"wp:attachment":[{"href":"https:\/\/chiclana.wordcamp.org\/2017\/wp-json\/wp\/v2\/media?parent=221"}],"curies":[{"name":"wp","href":"https:\/\/api.w.org\/{rel}","templated":true}]}}