{"id":2621,"date":"2023-02-03T20:21:38","date_gmt":"2023-02-03T19:21:38","guid":{"rendered":"https:\/\/chiclana.wordcamp.org\/2023\/?page_id=2621"},"modified":"2023-02-03T20:24:10","modified_gmt":"2023-02-03T19:24:10","slug":"donde-alojarte-en-chiclana-de-la-frontera","status":"publish","type":"page","link":"https:\/\/chiclana.wordcamp.org\/2023\/donde-alojarte-en-chiclana-de-la-frontera\/","title":{"rendered":"D\u00f3nde alojarte en Chiclana de la Frontera"},"content":{"rendered":"\n<p>\u00a1Ya queda menos para vernos!<\/p>\n\n\n\n<p>Si ya tienes <a href=\"https:\/\/chiclana.wordcamp.org\/2023\/compra-tu-entrada\/\">tu entrada<\/a> para la WordCamp Chiclana 2023, ya sabes <a href=\"https:\/\/chiclana.wordcamp.org\/2023\/como-llegar-a-chiclana-de-la-frontera-2\/\">c\u00f3mo llegar a Chiclana de la Frontera<\/a> pero no sabes d\u00f3nde alojarte, esto te interesa. Aqu\u00ed te presentamos las opciones de alojamiento disponibles para que puedas elegir la que mejor se adapte a ti. Recuerda que el evento es el <strong>3 y 4 de marzo<\/strong>.<\/p>\n\n\n\n<h2 class=\"wp-block-heading\">Hoteles<\/h2>\n\n\n\n<p>Chiclana cuenta con una amplia gama de hoteles de diferentes categor\u00edas, desde hoteles econ\u00f3micos hasta hoteles de lujo. Muchos de ellos est\u00e1n situados cerca del centro de la ciudad y ofrecen servicios como restaurantes, piscinas y gimnasios. <\/p>\n\n\n\n<ul class=\"wp-block-list\">\n<li><a href=\"https:\/\/www.tripadvisor.es\/Hotels-g187433-a_ufe.true-Chiclana_de_la_Frontera_Costa_de_la_Luz_Andalucia-Hotels.html\">Los 10 mejores hoteles de Chiclana seg\u00fan Tripadvisor<\/a>.<\/li>\n\n\n\n<li><a href=\"https:\/\/www.booking.com\/searchresults.es.html?label=gen173nr-1BCAEoggI46AdIM1gEaEaIAQGYAQq4ARfIAQzYAQHoAQGIAgGoAgO4Aumy9Z4GwAIB0gIkYzIzYjhiYTEtYjJiZC00NjJkLThlODMtMTVkYjI4YWQ2MjA12AIF4AIB&amp;sid=08ce130b5a1488ddcbef305a945ed677&amp;aid=304142&amp;ss=Chiclana+de+la+Frontera%2C+Andaluc%C3%ADa%2C+Espa%C3%B1a&amp;efdco=1&amp;lang=es&amp;src=index&amp;dest_id=-377937&amp;dest_type=city&amp;ac_position=0&amp;ac_click_type=b&amp;ac_langcode=es&amp;ac_suggestion_list_length=5&amp;search_selected=true&amp;search_pageview_id=7b1a857449000230&amp;ac_meta=GhA3YjFhODU3NDQ5MDAwMjMwIAAoATICZXM6CGNoaWNsYW5hQABKAFAA&amp;checkin=2023-03-01&amp;checkout=2023-03-05&amp;group_adults=2&amp;no_rooms=1&amp;group_children=0&amp;sb_travel_purpose=leisure&amp;nflt=ht_id%3D204\">Hoteles en Booking<\/a><\/li>\n<\/ul>\n\n\n\n<h2 class=\"wp-block-heading\">Apartamentos<\/h2>\n\n\n\n<p>Si prefieres tener m\u00e1s espacio y privacidad, puedes optar por alquilar un apartamento. Hay muchas opciones disponibles en la ciudad, desde apartamentos peque\u00f1os hasta amplios apartamentos con terraza y vistas al mar.<\/p>\n\n\n\n<ul class=\"wp-block-list\">\n<li><a href=\"https:\/\/www.airbnb.es\/s\/Chiclana-de-la-Frontera--C%C3%A1diz\/homes?tab_id=home_tab&amp;refinement_paths%5B%5D=%2Fhomes&amp;flexible_trip_lengths%5B%5D=one_week&amp;price_filter_input_type=0&amp;price_filter_num_nights=4&amp;query=Chiclana%20de%20la%20Frontera%2C%20C%C3%A1diz&amp;place_id=ChIJxXPzs5o0DA0RS1rS13R3KD8&amp;date_picker_type=calendar&amp;checkin=2023-03-01&amp;checkout=2023-03-05&amp;adults=2&amp;source=structured_search_input_header&amp;search_type=user_map_move&amp;ne_lat=36.433102947440666&amp;ne_lng=-6.124085313474353&amp;sw_lat=36.39417370637403&amp;sw_lng=-6.1702718787794595&amp;zoom=14&amp;search_by_map=true\">Airbnb<\/a><\/li>\n\n\n\n<li><a href=\"https:\/\/www.booking.com\/searchresults.es.html?label=gen173nr-1BCAEoggI46AdIM1gEaEaIAQGYAQq4ARfIAQzYAQHoAQGIAgGoAgO4Aumy9Z4GwAIB0gIkYzIzYjhiYTEtYjJiZC00NjJkLThlODMtMTVkYjI4YWQ2MjA12AIF4AIB&amp;sid=08ce130b5a1488ddcbef305a945ed677&amp;aid=304142&amp;ss=Chiclana+de+la+Frontera%2C+Andaluc%C3%ADa%2C+Espa%C3%B1a&amp;efdco=1&amp;lang=es&amp;src=index&amp;dest_id=-377937&amp;dest_type=city&amp;ac_position=0&amp;ac_click_type=b&amp;ac_langcode=es&amp;ac_suggestion_list_length=5&amp;search_selected=true&amp;search_pageview_id=7b1a857449000230&amp;ac_meta=GhA3YjFhODU3NDQ5MDAwMjMwIAAoATICZXM6CGNoaWNsYW5hQABKAFAA&amp;checkin=2023-03-01&amp;checkout=2023-03-05&amp;group_adults=2&amp;no_rooms=1&amp;group_children=0&amp;sb_travel_purpose=leisure\">Apartamentos en Booking<\/a><\/li>\n<\/ul>\n\n\n\n<h2 class=\"wp-block-heading\">Hostales<\/h2>\n\n\n\n<p>Los hostales son una opci\u00f3n econ\u00f3mica para aquellos que buscan un lugar c\u00f3modo y asequible para alojarse. Muchos hostales en Chiclana de la Frontera ofrecen habitaciones compartidas y privadas, as\u00ed como servicios como cocina y sala de estar compartida.<\/p>\n\n\n\n<ul class=\"wp-block-list\">\n<li><a href=\"https:\/\/www.booking.com\/searchresults.es.html?label=gen173nr-1BCAEoggI46AdIM1gEaEaIAQGYAQq4ARfIAQzYAQHoAQGIAgGoAgO4Aumy9Z4GwAIB0gIkYzIzYjhiYTEtYjJiZC00NjJkLThlODMtMTVkYjI4YWQ2MjA12AIF4AIB&amp;sid=08ce130b5a1488ddcbef305a945ed677&amp;aid=304142&amp;ss=Chiclana+de+la+Frontera%2C+Andaluc%C3%ADa%2C+Espa%C3%B1a&amp;efdco=1&amp;lang=es&amp;src=index&amp;dest_id=-377937&amp;dest_type=city&amp;ac_position=0&amp;ac_click_type=b&amp;ac_langcode=es&amp;ac_suggestion_list_length=5&amp;search_selected=true&amp;search_pageview_id=7b1a857449000230&amp;ac_meta=GhA3YjFhODU3NDQ5MDAwMjMwIAAoATICZXM6CGNoaWNsYW5hQABKAFAA&amp;checkin=2023-03-01&amp;checkout=2023-03-05&amp;group_adults=2&amp;no_rooms=1&amp;group_children=0&amp;sb_travel_purpose=leisure&amp;nflt=ht_id%3D216\">Hostales en Booking<\/a><\/li>\n<\/ul>\n\n\n\n<p>Esperamos que esta informaci\u00f3n te haya sido \u00fatil y nos vemos el 3 y 4 en la WordCamp Chiclana 2023.<\/p>\n","protected":false},"excerpt":{"rendered":"<p>\u00a1Ya queda menos para vernos! Si ya tienes tu entrada para la WordCamp Chiclana 2023, ya sabes c\u00f3mo llegar a Chiclana de la Frontera pero no sabes d\u00f3nde alojarte, esto te interesa. Aqu\u00ed te presentamos las opciones de alojamiento disponibles para que puedas elegir la que mejor se adapte a ti. Recuerda que el evento &hellip; <a href=\"https:\/\/chiclana.wordcamp.org\/2023\/donde-alojarte-en-chiclana-de-la-frontera\/\" class=\"more-link\">Sigue leyendo <span class=\"screen-reader-text\">D\u00f3nde alojarte en Chiclana de la Frontera<\/span><\/a><\/p>\n","protected":false},"author":17635854,"featured_media":0,"parent":0,"menu_order":0,"comment_status":"closed","ping_status":"closed","template":"","meta":{"jetpack_post_was_ever_published":false,"footnotes":""},"class_list":["post-2621","page","type-page","status-publish","hentry"],"jetpack_sharing_enabled":true,"_links":{"self":[{"href":"https:\/\/chiclana.wordcamp.org\/2023\/wp-json\/wp\/v2\/pages\/2621","targetHints":{"allow":["GET"]}}],"collection":[{"href":"https:\/\/chiclana.wordcamp.org\/2023\/wp-json\/wp\/v2\/pages"}],"about":[{"href":"https:\/\/chiclana.wordcamp.org\/2023\/wp-json\/wp\/v2\/types\/page"}],"author":[{"embeddable":true,"href":"https:\/\/chiclana.wordcamp.org\/2023\/wp-json\/wp\/v2\/users\/17635854"}],"replies":[{"embeddable":true,"href":"https:\/\/chiclana.wordcamp.org\/2023\/wp-json\/wp\/v2\/comments?post=2621"}],"version-history":[{"count":4,"href":"https:\/\/chiclana.wordcamp.org\/2023\/wp-json\/wp\/v2\/pages\/2621\/revisions"}],"predecessor-version":[{"id":2627,"href":"https:\/\/chiclana.wordcamp.org\/2023\/wp-json\/wp\/v2\/pages\/2621\/revisions\/2627"}],"wp:attachment":[{"href":"https:\/\/chiclana.wordcamp.org\/2023\/wp-json\/wp\/v2\/media?parent=2621"}],"curies":[{"name":"wp","href":"https:\/\/api.w.org\/{rel}","templated":true}]}}