{"id":3041,"date":"2024-01-23T18:00:49","date_gmt":"2024-01-23T17:00:49","guid":{"rendered":"https:\/\/chiclana.wordcamp.org\/2024\/?page_id=3041"},"modified":"2024-04-01T09:19:52","modified_gmt":"2024-04-01T07:19:52","slug":"wordcamp-chiclana","status":"publish","type":"page","link":"https:\/\/chiclana.wordcamp.org\/2024\/","title":{"rendered":"WordCamp Chiclana"},"content":{"rendered":"\n<div class=\"wp-block-group alignfull has-global-padding is-layout-constrained wp-container-core-group-is-layout-490fa1db wp-block-group-is-layout-constrained\" style=\"padding-top:var(--wp--preset--spacing--50);padding-right:var(--wp--preset--spacing--50);padding-bottom:var(--wp--preset--spacing--50);padding-left:var(--wp--preset--spacing--50)\">\n<div class=\"wp-block-group container-h1 has-global-padding is-layout-constrained wp-container-core-group-is-layout-650790e1 wp-block-group-is-layout-constrained\">\n<h1 class=\"wp-block-heading has-text-align-center is-style-default has-custom-azul-logo-color has-text-color has-link-color wp-elements-4ccc5e2e35656d60337c78f8224e8b91\" style=\"font-size:clamp(1.93rem, 1.93rem + ((1vw - 0.2rem) * 2.45), 3.4rem);font-style:normal;font-weight:900\">WordCamp Chiclana<br>2024<\/h1>\n\n\n\n<div style=\"height:1.25rem\" aria-hidden=\"true\" class=\"wp-block-spacer\"><\/div>\n\n\n\n<p class=\"has-text-align-center has-custom-azul-logo-color has-text-color has-link-color has-large-font-size wp-elements-59dbfdf061b04323fcfeeaf65d364578\">5 y 6 de Abril<\/p>\n\n\n\n<div style=\"height:1.25rem\" aria-hidden=\"true\" class=\"wp-block-spacer\"><\/div>\n\n\n\n<div class=\"wp-block-buttons is-content-justification-center is-layout-flex wp-container-core-buttons-is-layout-a89b3969 wp-block-buttons-is-layout-flex\">\n<div class=\"wp-block-button\"><a class=\"wp-block-button__link has-contrast-2-color has-custom-amarillo-logo-background-color has-text-color has-background has-link-color wp-element-button\" href=\"https:\/\/chiclana.wordcamp.org\/2024\/compra-tu-entrada\/\">Comprar mi entrada<\/a><\/div>\n<\/div>\n<\/div>\n\n\n\n<div style=\"height:var(--wp--preset--spacing--30)\" aria-hidden=\"true\" class=\"wp-block-spacer\"><\/div>\n\n\n\n<figure class=\"wp-block-image alignwide size-full is-style-rounded is-style-rounded--1\"><img loading=\"lazy\" decoding=\"async\" width=\"1920\" height=\"1152\" src=\"https:\/\/chiclana.wordcamp.org\/2024\/files\/2024\/01\/ilunion-portada.jpg\" alt=\"\" class=\"wp-image-3074\" srcset=\"https:\/\/chiclana.wordcamp.org\/2024\/files\/2024\/01\/ilunion-portada.jpg 1920w, https:\/\/chiclana.wordcamp.org\/2024\/files\/2024\/01\/ilunion-portada-300x180.jpg 300w, https:\/\/chiclana.wordcamp.org\/2024\/files\/2024\/01\/ilunion-portada-1024x614.jpg 1024w, https:\/\/chiclana.wordcamp.org\/2024\/files\/2024\/01\/ilunion-portada-768x461.jpg 768w, https:\/\/chiclana.wordcamp.org\/2024\/files\/2024\/01\/ilunion-portada-500x300.jpg 500w, https:\/\/chiclana.wordcamp.org\/2024\/files\/2024\/01\/ilunion-portada-1536x922.jpg 1536w\" sizes=\"auto, (max-width: 1920px) 100vw, 1920px\" \/><\/figure>\n<\/div>\n\n\n\n<div class=\"wp-block-group alignfull has-custom-azul-logo-background-color has-background has-global-padding is-layout-constrained wp-container-core-group-is-layout-669513ed wp-block-group-is-layout-constrained\" style=\"margin-top:0;margin-bottom:0;padding-top:var(--wp--preset--spacing--50);padding-right:var(--wp--preset--spacing--50);padding-bottom:var(--wp--preset--spacing--50);padding-left:var(--wp--preset--spacing--50)\">\n<div class=\"wp-block-group is-vertical is-content-justification-center is-layout-flex wp-container-core-group-is-layout-52b864f0 wp-block-group-is-layout-flex\">\n<h2 class=\"wp-block-heading has-text-align-center is-style-default\"><strong>\u00a1Bienvenidos a WordCamp Chiclana 2024!<\/strong><\/h2>\n\n\n\n<div style=\"height:0px\" aria-hidden=\"true\" class=\"wp-block-spacer wp-container-content-4f2ccadb\"><\/div>\n\n\n\n<p class=\"has-text-align-center\">En su <strong>cuarta edici\u00f3n<\/strong>, WordCamp Chiclana vuelve con m\u00e1s fuerza que nunca. Tendr\u00e1s la oportunidad de participar en todo tipo de ponencias impartidas por los expertos en WordPress y este a\u00f1o todo en el Hotel Ilunion. <\/p>\n\n\n\n<div style=\"height:21px\" aria-hidden=\"true\" class=\"wp-block-spacer wp-container-content-a94db315\"><\/div>\n\n\n\n<p class=\"has-text-align-center\">Descubre las \u00faltimas tendencias y avances en el mundo de WordPress y sum\u00e9rgete en la innovaci\u00f3n en un entorno abierto y enriquecedor.<\/p>\n<\/div>\n\n\n\n<div style=\"margin-top:0;margin-bottom:0;height:var(--wp--preset--spacing--40)\" aria-hidden=\"true\" class=\"wp-block-spacer\"><\/div>\n\n\n\n<div class=\"wp-block-buttons is-content-justification-center is-layout-flex wp-container-core-buttons-is-layout-a89b3969 wp-block-buttons-is-layout-flex\">\n<div class=\"wp-block-button\"><a class=\"wp-block-button__link has-contrast-2-color has-custom-amarillo-logo-background-color has-text-color has-background has-link-color has-text-align-center wp-element-button\">Saber m\u00e1s del evento<\/a><\/div>\n<\/div>\n<\/div>\n\n\n\n<div class=\"wp-block-group alignfull has-global-padding is-layout-constrained wp-container-core-group-is-layout-d89aad35 wp-block-group-is-layout-constrained\" style=\"margin-top:0;margin-bottom:0;padding-top:var(--wp--preset--spacing--50);padding-right:var(--wp--preset--spacing--50);padding-bottom:var(--wp--preset--spacing--50);padding-left:var(--wp--preset--spacing--50)\">\n<div class=\"wp-block-group alignwide has-custom-azul-logo-background-color has-background has-global-padding is-layout-constrained wp-container-core-group-is-layout-39412042 wp-block-group-is-layout-constrained\" style=\"border-radius:16px;padding-top:var(--wp--preset--spacing--40);padding-right:var(--wp--preset--spacing--50);padding-bottom:var(--wp--preset--spacing--40);padding-left:var(--wp--preset--spacing--50)\">\n<div style=\"height:var(--wp--preset--spacing--10)\" aria-hidden=\"true\" class=\"wp-block-spacer\"><\/div>\n\n\n\n<h2 class=\"wp-block-heading has-text-align-center has-x-large-font-size\"><strong>Estate al tanto de todas <\/strong><br><strong>las noticias<\/strong><\/h2>\n\n\n\n<p class=\"has-text-align-center\">Suscribirse a WordCamp Chiclana 2024<\/p>\n\n\n<div class=\"wp-block-jetpack-subscriptions__supports-newline wp-block-jetpack-subscriptions\">\n\t\t<div>\n\t\t\t<div>\n\t\t\t\t<div>\n\t\t\t\t\t<p >\n\t\t\t\t\t\t<a href=\"https:\/\/chiclana.wordcamp.org\/2024\/?post_type=page&#038;p=3041\" style=\"font-size: 16px;padding: 15px 23px 15px 23px;margin: 0; margin-left: 10px;border-color: custom-amarillo-logo;border-radius: 0px;border-width: 1px; text-decoration: none; white-space: nowrap; margin-left: 0\">\u00a1Suscribirme!<\/a>\n\t\t\t\t\t<\/p>\n\t\t\t\t<\/div>\n\t\t\t<\/div>\n\t\t<\/div>\n\t<\/div>\n\n\n<div style=\"height:var(--wp--preset--spacing--10)\" aria-hidden=\"true\" class=\"wp-block-spacer\"><\/div>\n<\/div>\n<\/div>\n","protected":false},"excerpt":{"rendered":"<p>WordCamp Chiclana2024 5 y 6 de Abril \u00a1Bienvenidos a WordCamp Chiclana 2024! En su cuarta edici\u00f3n, WordCamp Chiclana vuelve con m\u00e1s fuerza que nunca. Tendr\u00e1s la oportunidad de participar en todo tipo de ponencias impartidas por los expertos en WordPress y este a\u00f1o todo en el Hotel Ilunion. Descubre las \u00faltimas tendencias y avances en [&hellip;]<\/p>\n","protected":false},"author":15711338,"featured_media":0,"parent":0,"menu_order":0,"comment_status":"closed","ping_status":"closed","template":"page-no-title","meta":{"jetpack_post_was_ever_published":false,"footnotes":""},"class_list":["post-3041","page","type-page","status-publish","hentry"],"jetpack_sharing_enabled":true,"_links":{"self":[{"href":"https:\/\/chiclana.wordcamp.org\/2024\/wp-json\/wp\/v2\/pages\/3041","targetHints":{"allow":["GET"]}}],"collection":[{"href":"https:\/\/chiclana.wordcamp.org\/2024\/wp-json\/wp\/v2\/pages"}],"about":[{"href":"https:\/\/chiclana.wordcamp.org\/2024\/wp-json\/wp\/v2\/types\/page"}],"author":[{"embeddable":true,"href":"https:\/\/chiclana.wordcamp.org\/2024\/wp-json\/wp\/v2\/users\/15711338"}],"replies":[{"embeddable":true,"href":"https:\/\/chiclana.wordcamp.org\/2024\/wp-json\/wp\/v2\/comments?post=3041"}],"version-history":[{"count":32,"href":"https:\/\/chiclana.wordcamp.org\/2024\/wp-json\/wp\/v2\/pages\/3041\/revisions"}],"predecessor-version":[{"id":4859,"href":"https:\/\/chiclana.wordcamp.org\/2024\/wp-json\/wp\/v2\/pages\/3041\/revisions\/4859"}],"wp:attachment":[{"href":"https:\/\/chiclana.wordcamp.org\/2024\/wp-json\/wp\/v2\/media?parent=3041"}],"curies":[{"name":"wp","href":"https:\/\/api.w.org\/{rel}","templated":true}]}}